culate the remainder when 14294641 is divided by 14.
11
What is the remainder when 19681773 is divided by 97?
85
What is the remainder when 503260 is divided by 1613?
4
Calculate the remainder when 49406658 is divided by 587.
42
What is the remainder when 86977742 is divided by 370?
362
Calculate the remainder when 107046 is divided by 294.
30
Calculate the remainder when 314771 is divided by 10854.
5
What is the remainder when 142815129 is divided by 1094?
1087
Calculate the remainder when 2373740 is divided by 121.
83
What is the remainder when 695400 is divided by 15060?
2640
What is the remainder when 212381 is divided by 1586?
1443
Calculate the remainder when 67779170 is divided by 183.
179
What is the remainder when 431490 is divided by 6344?
98
Calculate the remainder when 275092 is divided by 45832.
100
What is the remainder when 3702888 is divided by 282?
228
What is the remainder when 130889 is divided by 28?
17
Calculate the remainder when 1945108 is divided by 190.
78
What is the remainder when 3206391 is divided by 26?
19
What is the remainder when 3528052 is divided by 705595?
77
Calculate the remainder when 420776 is divided by 210354.
68
Calculate the remainder when 116349536 is divided by 29087380.
16
Calculate the remainder when 13072598 is divided by 53.
42
What is the remainder when 204432717 is divided by 14?
13
Calculate the remainder when 19954758 is divided by 311793.
6
Calculate the remainder when 794405 is divided by 100.
5
Calculate the remainder when 89118 is divided by 241.
189
Calculate the remainder when 922278 is divided by 922265.
13
What is the remainder when 1326346 is divided by 1968?
1882
What is the remainder when 11854124 is divided by 2267?
2248
Calculate the remainder when 1615435 is divided by 1272.
1267
Calculate the remainder when 210799 is divided by 26349.
7
Calculate the remainder when 789826 is divided by 1824.
34
What is the remainder when 224218 is divided by 1297?
1134
What is the remainder when 8896237 is divided by 317722?
21
Calculate the remainder when 16370163 is divided by 1259.
645
What is the remainder when 3841180 is divided by 1920588?
4
Calculate the remainder when 1573645 is divided by 1573531.
114
What is the remainder when 5253666 is divided by 3245?
11
What is the remainder when 1551456 is divided by 6?
0
Calculate the remainder when 423794 is divided by 103734.
8858
Calculate the remainder when 2850073 is divided by 33.
28
Calculate the remainder when 115454 is divided by 1501.
1378
Calculate the remainder when 148073 is divided by 9844.
413
Calculate the remainder when 2065446 is divided by 94.
78
Calculate the remainder when 1103327 is divided by 710.
697
What is the remainder when 1588369 is divided by 511?
181
Calculate the remainder when 1175774 is divided by 11527.
20
Calculate the remainder when 19539703 is divided by 275207.
6
Calculate the remainder when 76105618 is divided by 68073.
4
Calculate the remainder when 11543704 is divided by 3575.
29
Calculate the remainder when 888518 is divided by 108.
2
What is the remainder when 60033904 is divided by 938?
28
Calculate the remainder when 2130199 is divided by 88711.
1135
Calculate the remainder when 1402137 is divided by 5.
2
Calculate the remainder when 7193803 is divided by 143876.
3
Calculate the remainder when 783788 is divided by 289.
20
What is the remainder when 7962004 is divided by 165872?
148
Calculate the remainder when 28721595 is divided by 1096.
915
Calculate the remainder when 14754951 is divided by 40.
31
Calculate the remainder when 3909756 is divided by 18.
12
Calculate the remainder when 5987 is divided by 2992.
3
Calculate the remainder when 464533 is divided by 92.
25
Calculate the remainder when 4772016 is divided by 1590656.
48
What is the remainder when 98941 is divided by 1328?
669
Calculate the remainder when 5501184 is divided by 189696.
0
Calculate the remainder when 173741533 is divided by 67.
14
Calculate the remainder when 62548 is divided by 481.
18
Calculate the remainder when 633658 is divided by 3.
1
What is the remainder when 768259 is divided by 202?
53
What is the remainder when 61066 is divided by 30353?
360
Calculate the remainder when 1014317 is divided by 928.
13
Calculate the remainder when 56251 is divided by 987.
979
What is the remainder when 11312396 is divided by 109829?
9
What is the remainder when 4089527 is divided by 776?
7
Calculate the remainder when 599154359 is divided by 8680.
8679
Calculate the remainder when 57192228 is divided by 239298.
6
What is the remainder when 96920189 is divided by 17?
10
What is the remainder when 56746 is divided by 4364?
14
Calculate the remainder when 1838343979 is divided by 1945.
1944
What is the remainder when 5018762 is divided by 29?
22
What is the remainder when 17476 is divided by 214?
142
Calculate the remainder when 265755572 is divided by 47.
41
Calculate the remainder when 4621342 is divided by 28.
26
Calculate the remainder when 22781 is divided by 22020.
761
Calculate the remainder when 303865 is divided by 303853.
12
What is the remainder when 70501 is divided by 220?
101
Calculate the remainder when 103609 is divided by 11508.
37
What is the remainder when 13717948 is divided by 82?
4
Calculate the remainder when 590875 is divided by 4765.
15
Calculate the remainder when 8461557 is divided by 2820518.
3
Calculate the remainder when 23400608 is divided by 11700301.
6
What is the remainder when 90854 is divided by 6076?
5790
Calculate the remainder when 326436 is divided by 6041.
222
Calculate the remainder when 28708 is divided by 509.
204
What is the remainder when 8121912 is divided by 338?
110
Calculate the remainder when 290898 is divided by 2909.
2907
Calculate the remainder when 2994875 is divided by 31525.
0
What is the remainder when 530073 is divided by 75722?
19
Calculate the remainder when 194806 is divided by 25635.
15361
What is the remainder when 1323107 is divided by 52901?
582
Calculate the remainder when 121222972 is divided by 13469218.
10
What is the remainder when 947704 is divided by 15285?
34
What is the remainder when 65149604 is divided by 46?
34
Calculate the remainder when 33483748 is divided by 30.
28
What is the remainder when 181939 is divided by 25829?
1136
Calculate the remainder when 167856 is divided by 13187.
9612
What is the remainder when 2399949 is divided by 25262?
59
What is the remainder when 1716745 is divided by 552?
25
Calculate the remainder when 24628318 is divided by 288.
286
Calculate the remainder when 96963 is divided by 10659.
1032
What is the remainder when 12439891 is divided by 785?
781
Calculate the remainder when 463705 is divided by 151.
135
Calculate the remainder when 2841510093 is divided by 496.
493
Calculate the remainder when 794683 is divided by 198.
109
What is the remainder when 1077472 is divided by 1651?
1020
What is the remainder when 263859968 is divided by 52771990?
18
What is the remainder when 38409175 is divided by 74?
67
What is the remainder when 174919 is divided by 43695?
139
What is the remainder when 404128 is divided by 1244?
1072
What is the remainder when 234434 is divided by 43?
41
What is the remainder when 120124442 is divided by 40041471?
29
What is the remainder when 1018418 is divided by 306?
50
Calculate the remainder when 1169001 is divided by 11808.
9
Calculate the remainder when 233759 is divided by 116859.
41
What is the remainder when 1823905971 is divided by 518?
517
What is the remainder when 15942 is divided by 5114?
600
What is the remainder when 7650454 is divided by 3607?
7
Calculate the remainder when 12282806 is divided by 756.
74
Calculate the remainder when 321436023 is divided by 26.
25
Calculate the remainder when 470035 is divided by 16208.
3
Calculate the remainder when 499698 is divided by 45415.
133
Calculate the remainder when 7995325 is divided by 710.
15
Calculate the remainder when 11069 is divided by 10872.
197
Calculate the remainder when 19980743 is divided by 4995111.
299
What is the remainder when 391487 is divided by 327?
68
Calculate the remainder when 340057187 is divided by 6655.
6652
Calculate the remainder when 14731 is divided by 609.
115
Calculate the remainder when 107879112 is divided by